{"id":463,"date":"2015-07-29T15:03:56","date_gmt":"2015-07-29T13:03:56","guid":{"rendered":"http:\/\/bruno-ferignac-photographe.fr\/accueil\/?page_id=463"},"modified":"2017-07-09T10:10:13","modified_gmt":"2017-07-09T08:10:13","slug":"prestations","status":"publish","type":"page","link":"https:\/\/bruno-ferignac-photographe.fr\/accueil\/prestations\/","title":{"rendered":"Prestations"},"content":{"rendered":"<div id=\"pl-463\"  class=\"panel-layout\" ><div id=\"pg-463-0\"  class=\"panel-grid panel-has-style\" ><div class=\"panel-row-style panel-row-style-for-463-0\" ><div id=\"pgc-463-0-0\"  class=\"panel-grid-cell\" ><div id=\"panel-463-0-0-0\" class=\"so-panel widget widget_black-studio-tinymce widget_black_studio_tinymce panel-first-child\" data-index=\"0\" ><div class=\"textwidget\"><hr style=\"width:800px; color:orange; background-color:orange; height:1px;\" \/>\n<p style=\"text-align: center;\"><span class=\"orange\">R\u00e9ouverture septembre 2017 !!!<\/span><\/p>\n<hr style=\"width:800px; color:orange; background-color:orange; height:1px;\" \/>\n<\/div><\/div><div id=\"panel-463-0-0-1\" class=\"so-panel widget widget_black-studio-tinymce widget_black_studio_tinymce panel-last-child\" data-index=\"1\" ><div class=\"textwidget\"><p style=\"text-align: center;\"><span class=\"accueil-titre\"> Mes prestations !<\/span><\/p>\n<p style=\"text-align: center;\"><span class=\"corps\">Sur ces pages, vous trouverez le d\u00e9tail de mes diff\u00e9rentes prestations pour les particuliers et les professionnels.<\/span><\/p>\n<\/div><\/div><\/div><\/div><\/div><div id=\"pg-463-1\"  class=\"panel-grid panel-no-style\" ><div id=\"pgc-463-1-0\"  class=\"panel-grid-cell\" ><div id=\"panel-463-1-0-0\" class=\"so-panel widget widget_sow-button panel-first-child\" data-index=\"2\" ><div class=\"panel-widget-style panel-widget-style-for-463-1-0-0\" ><div\n\t\t\t\n\t\t\tclass=\"so-widget-sow-button so-widget-sow-button-atom-9327b96d6a55-463\"\n\t\t\t\n\t\t><div class=\"ow-button-base ow-button-align-center\"\n>\n\t\t\t<a\n\t\t\t\t\thref=\"https:\/\/bruno-ferignac-photographe.fr\/accueil\/prestations\/tarif-particulier\/\"\n\t\t\t\t\tclass=\"sowb-button ow-icon-placement-left ow-button-hover\" \t>\n\t\t<span>\n\t\t\t<span class=\"sow-icon-fontawesome sow-fas\" data-sow-icon=\"&#xf015;\"\n\t\tstyle=\"color: #ffffff\" \n\t\taria-hidden=\"true\"><\/span>\n\t\t\tParticulier\t\t<\/span>\n\t\t\t<\/a>\n\t<\/div>\n<\/div><\/div><\/div><div id=\"panel-463-1-0-1\" class=\"so-panel widget widget_sow-button\" data-index=\"3\" ><div class=\"panel-widget-style panel-widget-style-for-463-1-0-1\" ><div\n\t\t\t\n\t\t\tclass=\"so-widget-sow-button so-widget-sow-button-atom-9327b96d6a55-463\"\n\t\t\t\n\t\t><div class=\"ow-button-base ow-button-align-center\"\n>\n\t\t\t<a\n\t\t\t\t\thref=\"http:\/\/bruno-ferignac-photographe.fr\/accueil\/prestations\/entreprise\/\"\n\t\t\t\t\tclass=\"sowb-button ow-icon-placement-left ow-button-hover\" \t>\n\t\t<span>\n\t\t\t<span class=\"sow-icon-fontawesome sow-far\" data-sow-icon=\"&#xf1ad;\"\n\t\tstyle=\"color: #ffffff\" \n\t\taria-hidden=\"true\"><\/span>\n\t\t\tEntreprise\t\t<\/span>\n\t\t\t<\/a>\n\t<\/div>\n<\/div><\/div><\/div><div id=\"panel-463-1-0-2\" class=\"so-panel widget widget_sow-button panel-last-child\" data-index=\"4\" ><div class=\"panel-widget-style panel-widget-style-for-463-1-0-2\" ><div\n\t\t\t\n\t\t\tclass=\"so-widget-sow-button so-widget-sow-button-atom-093235a24517-463\"\n\t\t\t\n\t\t><div class=\"ow-button-base ow-button-align-center\"\n>\n\t\t\t<a\n\t\t\t\t\thref=\"http:\/\/bruno-ferignac-photographe.fr\/accueil\/#stage\"\n\t\t\t\t\tclass=\"sowb-button ow-icon-placement-left ow-button-hover\" \t>\n\t\t<span>\n\t\t\t<span class=\"sow-icon-fontawesome sow-fas\" data-sow-icon=\"&#xf030;\"\n\t\tstyle=\"color: #ffffff\" \n\t\taria-hidden=\"true\"><\/span>\n\t\t\tStage\t\t<\/span>\n\t\t\t<\/a>\n\t<\/div>\n<\/div><\/div><\/div><\/div><\/div><div id=\"pg-463-2\"  class=\"panel-grid panel-has-style\" ><div class=\"panel-row-style panel-row-style-for-463-2\" ><div id=\"pgc-463-2-0\"  class=\"panel-grid-cell\" ><div id=\"panel-463-2-0-0\" class=\"so-panel widget widget_black-studio-tinymce widget_black_studio_tinymce panel-first-child panel-last-child\" data-index=\"5\" ><div class=\"textwidget\"><p style=\"text-align: center;\"><span class=\"corps\">Je vous invite \u00e0 <a href=\"http:\/\/bruno-ferignac-photographe.fr\/accueil\/#contact\">me contacter<\/a> pour toutes questions ou demandes particuli\u00e8res.<\/span><\/p>\n<\/div><\/div><\/div><\/div><\/div><\/div>","protected":false},"excerpt":{"rendered":"<p>R\u00e9ouverture septembre 2017 !!! Mes prestations ! Sur ces pages, vous trouverez le d\u00e9tail de mes&hellip;<\/p>\n","protected":false},"author":1,"featured_media":0,"parent":0,"menu_order":0,"comment_status":"closed","ping_status":"closed","template":"","meta":{"footnotes":""},"class_list":["post-463","page","type-page","status-publish","hentry"],"yoast_head":"<!-- This site is optimized with the Yoast SEO plugin v27.2 - https:\/\/yoast.com\/product\/yoast-seo-wordpress\/ -->\n<title>Prestations - L&#039; atelier pho&#039;thau<\/title>\n<meta name=\"description\" content=\"Le d\u00e9tails de mes prestations avec une grille tarifaire adapt\u00e9e \u00e0 toutes les situations\" \/>\n<meta name=\"robots\" content=\"index, follow, max-snippet:-1, max-image-preview:large, max-video-preview:-1\" \/>\n<link rel=\"canonical\" href=\"https:\/\/bruno-ferignac-photographe.fr\/accueil\/prestations\/\" \/>\n<meta name=\"twitter:card\" content=\"summary_large_image\" \/>\n<meta name=\"twitter:title\" content=\"Prestations - L&#039; atelier pho&#039;thau\" \/>\n<meta name=\"twitter:description\" content=\"Le d\u00e9tails de mes prestations avec une grille tarifaire adapt\u00e9e \u00e0 toutes les situations\" \/>\n<script type=\"application\/ld+json\" class=\"yoast-schema-graph\">{\"@context\":\"https:\/\/schema.org\",\"@graph\":[{\"@type\":\"WebPage\",\"@id\":\"https:\/\/bruno-ferignac-photographe.fr\/accueil\/prestations\/\",\"url\":\"https:\/\/bruno-ferignac-photographe.fr\/accueil\/prestations\/\",\"name\":\"Prestations - L&#039; atelier pho&#039;thau\",\"isPartOf\":{\"@id\":\"https:\/\/bruno-ferignac-photographe.fr\/accueil\/#website\"},\"datePublished\":\"2015-07-29T13:03:56+00:00\",\"dateModified\":\"2017-07-09T08:10:13+00:00\",\"description\":\"Le d\u00e9tails de mes prestations avec une grille tarifaire adapt\u00e9e \u00e0 toutes les situations\",\"breadcrumb\":{\"@id\":\"https:\/\/bruno-ferignac-photographe.fr\/accueil\/prestations\/#breadcrumb\"},\"inLanguage\":\"fr-FR\",\"potentialAction\":[{\"@type\":\"ReadAction\",\"target\":[\"https:\/\/bruno-ferignac-photographe.fr\/accueil\/prestations\/\"]}]},{\"@type\":\"BreadcrumbList\",\"@id\":\"https:\/\/bruno-ferignac-photographe.fr\/accueil\/prestations\/#breadcrumb\",\"itemListElement\":[{\"@type\":\"ListItem\",\"position\":1,\"name\":\"Accueil\",\"item\":\"https:\/\/bruno-ferignac-photographe.fr\/accueil\/\"},{\"@type\":\"ListItem\",\"position\":2,\"name\":\"Prestations\"}]},{\"@type\":\"WebSite\",\"@id\":\"https:\/\/bruno-ferignac-photographe.fr\/accueil\/#website\",\"url\":\"https:\/\/bruno-ferignac-photographe.fr\/accueil\/\",\"name\":\"L&#039; atelier pho&#039;thau\",\"description\":\"Un photographe pour vous !\",\"potentialAction\":[{\"@type\":\"SearchAction\",\"target\":{\"@type\":\"EntryPoint\",\"urlTemplate\":\"https:\/\/bruno-ferignac-photographe.fr\/accueil\/?s={search_term_string}\"},\"query-input\":{\"@type\":\"PropertyValueSpecification\",\"valueRequired\":true,\"valueName\":\"search_term_string\"}}],\"inLanguage\":\"fr-FR\"}]}<\/script>\n<!-- \/ Yoast SEO plugin. -->","yoast_head_json":{"title":"Prestations - L&#039; atelier pho&#039;thau","description":"Le d\u00e9tails de mes prestations avec une grille tarifaire adapt\u00e9e \u00e0 toutes les situations","robots":{"index":"index","follow":"follow","max-snippet":"max-snippet:-1","max-image-preview":"max-image-preview:large","max-video-preview":"max-video-preview:-1"},"canonical":"https:\/\/bruno-ferignac-photographe.fr\/accueil\/prestations\/","twitter_card":"summary_large_image","twitter_title":"Prestations - L&#039; atelier pho&#039;thau","twitter_description":"Le d\u00e9tails de mes prestations avec une grille tarifaire adapt\u00e9e \u00e0 toutes les situations","schema":{"@context":"https:\/\/schema.org","@graph":[{"@type":"WebPage","@id":"https:\/\/bruno-ferignac-photographe.fr\/accueil\/prestations\/","url":"https:\/\/bruno-ferignac-photographe.fr\/accueil\/prestations\/","name":"Prestations - L&#039; atelier pho&#039;thau","isPartOf":{"@id":"https:\/\/bruno-ferignac-photographe.fr\/accueil\/#website"},"datePublished":"2015-07-29T13:03:56+00:00","dateModified":"2017-07-09T08:10:13+00:00","description":"Le d\u00e9tails de mes prestations avec une grille tarifaire adapt\u00e9e \u00e0 toutes les situations","breadcrumb":{"@id":"https:\/\/bruno-ferignac-photographe.fr\/accueil\/prestations\/#breadcrumb"},"inLanguage":"fr-FR","potentialAction":[{"@type":"ReadAction","target":["https:\/\/bruno-ferignac-photographe.fr\/accueil\/prestations\/"]}]},{"@type":"BreadcrumbList","@id":"https:\/\/bruno-ferignac-photographe.fr\/accueil\/prestations\/#breadcrumb","itemListElement":[{"@type":"ListItem","position":1,"name":"Accueil","item":"https:\/\/bruno-ferignac-photographe.fr\/accueil\/"},{"@type":"ListItem","position":2,"name":"Prestations"}]},{"@type":"WebSite","@id":"https:\/\/bruno-ferignac-photographe.fr\/accueil\/#website","url":"https:\/\/bruno-ferignac-photographe.fr\/accueil\/","name":"L&#039; atelier pho&#039;thau","description":"Un photographe pour vous !","potentialAction":[{"@type":"SearchAction","target":{"@type":"EntryPoint","urlTemplate":"https:\/\/bruno-ferignac-photographe.fr\/accueil\/?s={search_term_string}"},"query-input":{"@type":"PropertyValueSpecification","valueRequired":true,"valueName":"search_term_string"}}],"inLanguage":"fr-FR"}]}},"_links":{"self":[{"href":"https:\/\/bruno-ferignac-photographe.fr\/accueil\/wp-json\/wp\/v2\/pages\/463","targetHints":{"allow":["GET"]}}],"collection":[{"href":"https:\/\/bruno-ferignac-photographe.fr\/accueil\/wp-json\/wp\/v2\/pages"}],"about":[{"href":"https:\/\/bruno-ferignac-photographe.fr\/accueil\/wp-json\/wp\/v2\/types\/page"}],"author":[{"embeddable":true,"href":"https:\/\/bruno-ferignac-photographe.fr\/accueil\/wp-json\/wp\/v2\/users\/1"}],"replies":[{"embeddable":true,"href":"https:\/\/bruno-ferignac-photographe.fr\/accueil\/wp-json\/wp\/v2\/comments?post=463"}],"version-history":[{"count":27,"href":"https:\/\/bruno-ferignac-photographe.fr\/accueil\/wp-json\/wp\/v2\/pages\/463\/revisions"}],"predecessor-version":[{"id":3060,"href":"https:\/\/bruno-ferignac-photographe.fr\/accueil\/wp-json\/wp\/v2\/pages\/463\/revisions\/3060"}],"wp:attachment":[{"href":"https:\/\/bruno-ferignac-photographe.fr\/accueil\/wp-json\/wp\/v2\/media?parent=463"}],"curies":[{"name":"wp","href":"https:\/\/api.w.org\/{rel}","templated":true}]}}

<div id="pl-463"  class="panel-layout" ><div id="pg-463-0"  class="panel-grid panel-has-style" ><div class="panel-row-style panel-row-style-for-463-0" ><div id="pgc-463-0-0"  class="panel-grid-cell" ><div id="panel-463-0-0-0" class="so-panel widget widget_black-studio-tinymce widget_black_studio_tinymce panel-first-child" data-index="0" ><div class="textwidget"><hr style="width:800px; color:orange; background-color:orange; height:1px;" />
<p style="text-align: center;"><span class="orange">Réouverture septembre 2017 !!!</span></p>
<hr style="width:800px; color:orange; background-color:orange; height:1px;" />
</div></div><div id="panel-463-0-0-1" class="so-panel widget widget_black-studio-tinymce widget_black_studio_tinymce panel-last-child" data-index="1" ><div class="textwidget"><p style="text-align: center;"><span class="accueil-titre"> Mes prestations !</span></p>
<p style="text-align: center;"><span class="corps">Sur ces pages, vous trouverez le détail de mes différentes prestations pour les particuliers et les professionnels.</span></p>
</div></div></div></div></div><div id="pg-463-1"  class="panel-grid panel-no-style" ><div id="pgc-463-1-0"  class="panel-grid-cell" ><div id="panel-463-1-0-0" class="so-panel widget widget_sow-button panel-first-child" data-index="2" ><div class="panel-widget-style panel-widget-style-for-463-1-0-0" ><div
			
			class="so-widget-sow-button so-widget-sow-button-atom-9327b96d6a55-463"
			
		><div class="ow-button-base ow-button-align-center"
>
			<a
					href="https://bruno-ferignac-photographe.fr/accueil/prestations/tarif-particulier/"
					class="sowb-button ow-icon-placement-left ow-button-hover" 	>
		<span>
			<span class="sow-icon-fontawesome sow-fas" data-sow-icon="&#xf015;"
		style="color: #ffffff" 
		aria-hidden="true"></span>
			Particulier		</span>
			</a>
	</div>
</div></div></div><div id="panel-463-1-0-1" class="so-panel widget widget_sow-button" data-index="3" ><div class="panel-widget-style panel-widget-style-for-463-1-0-1" ><div
			
			class="so-widget-sow-button so-widget-sow-button-atom-9327b96d6a55-463"
			
		><div class="ow-button-base ow-button-align-center"
>
			<a
					href="http://bruno-ferignac-photographe.fr/accueil/prestations/entreprise/"
					class="sowb-button ow-icon-placement-left ow-button-hover" 	>
		<span>
			<span class="sow-icon-fontawesome sow-far" data-sow-icon="&#xf1ad;"
		style="color: #ffffff" 
		aria-hidden="true"></span>
			Entreprise		</span>
			</a>
	</div>
</div></div></div><div id="panel-463-1-0-2" class="so-panel widget widget_sow-button panel-last-child" data-index="4" ><div class="panel-widget-style panel-widget-style-for-463-1-0-2" ><div
			
			class="so-widget-sow-button so-widget-sow-button-atom-093235a24517-463"
			
		><div class="ow-button-base ow-button-align-center"
>
			<a
					href="http://bruno-ferignac-photographe.fr/accueil/#stage"
					class="sowb-button ow-icon-placement-left ow-button-hover" 	>
		<span>
			<span class="sow-icon-fontawesome sow-fas" data-sow-icon="&#xf030;"
		style="color: #ffffff" 
		aria-hidden="true"></span>
			Stage		</span>
			</a>
	</div>
</div></div></div></div></div><div id="pg-463-2"  class="panel-grid panel-has-style" ><div class="panel-row-style panel-row-style-for-463-2" ><div id="pgc-463-2-0"  class="panel-grid-cell" ><div id="panel-463-2-0-0" class="so-panel widget widget_black-studio-tinymce widget_black_studio_tinymce panel-first-child panel-last-child" data-index="5" ><div class="textwidget"><p style="text-align: center;"><span class="corps">Je vous invite à <a href="http://bruno-ferignac-photographe.fr/accueil/#contact">me contacter</a> pour toutes questions ou demandes particulières.</span></p>
</div></div></div></div></div></div>

<p>Réouverture septembre 2017 !!! Mes prestations ! Sur ces pages, vous trouverez le détail de mes&hellip;</p>

<!-- This site is optimized with the Yoast SEO plugin v27.2 - https://yoast.com/product/yoast-seo-wordpress/ -->
<title>Prestations - L&#039; atelier pho&#039;thau</title>
<meta name="description" content="Le détails de mes prestations avec une grille tarifaire adaptée à toutes les situations" />
<meta name="robots" content="index, follow, max-snippet:-1, max-image-preview:large, max-video-preview:-1" />
<link rel="canonical" href="https://bruno-ferignac-photographe.fr/accueil/prestations/" />
<meta name="twitter:card" content="summary_large_image" />
<meta name="twitter:title" content="Prestations - L&#039; atelier pho&#039;thau" />
<meta name="twitter:description" content="Le détails de mes prestations avec une grille tarifaire adaptée à toutes les situations" />
<script type="application/ld+json" class="yoast-schema-graph">{"@context":"https://schema.org","@graph":[{"@type":"WebPage","@id":"https://bruno-ferignac-photographe.fr/accueil/prestations/","url":"https://bruno-ferignac-photographe.fr/accueil/prestations/","name":"Prestations - L&#039; atelier pho&#039;thau","isPartOf":{"@id":"https://bruno-ferignac-photographe.fr/accueil/#website"},"datePublished":"2015-07-29T13:03:56+00:00","dateModified":"2017-07-09T08:10:13+00:00","description":"Le détails de mes prestations avec une grille tarifaire adaptée à toutes les situations","breadcrumb":{"@id":"https://bruno-ferignac-photographe.fr/accueil/prestations/#breadcrumb"},"inLanguage":"fr-FR","potentialAction":[{"@type":"ReadAction","target":["https://bruno-ferignac-photographe.fr/accueil/prestations/"]}]},{"@type":"BreadcrumbList","@id":"https://bruno-ferignac-photographe.fr/accueil/prestations/#breadcrumb","itemListElement":[{"@type":"ListItem","position":1,"name":"Accueil","item":"https://bruno-ferignac-photographe.fr/accueil/"},{"@type":"ListItem","position":2,"name":"Prestations"}]},{"@type":"WebSite","@id":"https://bruno-ferignac-photographe.fr/accueil/#website","url":"https://bruno-ferignac-photographe.fr/accueil/","name":"L&#039; atelier pho&#039;thau","description":"Un photographe pour vous !","potentialAction":[{"@type":"SearchAction","target":{"@type":"EntryPoint","urlTemplate":"https://bruno-ferignac-photographe.fr/accueil/?s={search_term_string}"},"query-input":{"@type":"PropertyValueSpecification","valueRequired":true,"valueName":"search_term_string"}}],"inLanguage":"fr-FR"}]}</script>
<!-- / Yoast SEO plugin. -->

Le détails de mes prestations avec une grille tarifaire adaptée à toutes les situations
